29
Let h(a) = 167*a - 280. What is h(2)?
54
Let z(a) = 870*a + 5225. Give z(-6).
5
Let i(u) = -11*u + 385. What is i(43)?
-88
Let x(q) = -7*q**2 + 45. Give x(3).
-18
Let b(y) = y**2 + 234*y - 1176. What is b(5)?
19
Let r(i) = i + 55. What is r(-47)?
8
Let o(k) = 412*k**3 + 2*k + 2. Calculate o(-1).
-412
Let u(a) = -2*a**2 + 545*a - 34426. Calculate u(173).
1
Let j(v) = -153*v + 617. Give j(4).
5
Let w(m) = 51*m + 77. Calculate w(8).
485
Let p(y) = -y**3 + 11*y**2 - 10*y + 11. Determine p(5).
111
Let t(l) = -l**3 + 13*l**2 - 28*l + 10. Give t(12).
-182
Let p(w) = 19*w + 480. Determine p(0).
480
Let u(b) = 29*b - 82. Calculate u(9).
179
Let v(a) = -5*a**3 + 66*a**2 - 14*a + 32. Give v(13).
19
Let x(w) = -w**3 - 11*w**2 + 4*w - 1. Determine x(-11).
-45
Let p(q) = -q**2 - 370*q - 3984. Calculate p(-11).
-35
Let z(n) = -2*n**3 - 65*n**2 - 29*n + 51. Determine z(-32).
-45
Let q(m) = m**3 - 19*m**2 - 45*m + 57. Give q(21).
-6
Let o(d) = 2*d + 24. Determine o(31).
86
Let w(k) = -k**2 - 94*k - 210. Calculate w(-92).
-26
Let t(p) = -24*p**2 - 387*p - 12. What is t(-16)?
36
Let q(r) = 5*r + 273. What is q(-55)?
-2
Let j(v) = 2*v**3 - 15*v**2 - 4*v - 42. Determine j(8).
-10
Let d(u) = -u**3 - 61*u**2 + 126*u + 10. Give d(-63).
10
Let f(t) = -5948*t + 65422. What is f(11)?
-6
Let r(i) = i**3 + 10*i**2 + 5*i + 51. Calculate r(-10).
1
Let c(f) = -6*f**2 + 54*f + 3495. Calculate c(-20).
15
Let t(w) = -183*w**2 - 2746*w - 2. Calculate t(-15).
13
Let z(u) = u**3 + 14*u**2 + 130*u + 854. What is z(-10)?
-46
Let y(q) = 9*q**2 + 50*q + 5. Determine y(-4).
-51
Let u(m) = -780*m + 15605. Give u(20).
5
Let o(t) = -3*t**3 - 9*t**2 - 4*t - 9. Calculate o(-3).
3
Let w(r) = 77*r + 870. Calculate w(-10).
100
Let b(t) = -156*t**2 - 2809*t - 19. Give b(-18).
-1
Let l(i) = i**3 - 7*i**2 - 10*i + 93. What is l(6)?
-3
Let j(k) = 3*k**2 + 48*k + 194. Determine j(-5).
29
Let r(o) = 16*o + 85. What is r(-5)?
5
Let k(h) = 5*h**2 - 18*h - 123. Give k(7).
-4
Let r(b) = -b**2 + 16*b - 286. Determine r(16).
-286
Let p(s) = -60*s + 3848. Give p(64).
8
Let i(b) = -2506*b + 4949. What is i(2)?
-63
Let p(n) = 327*n + 298. Determine p(-1).
-29
Let u(t) = -t**2 + 7*t + 362. Calculate u(-16).
-6
Let p(k) = k**3 - 18*k**2 + 32*k + 39. Give p(15).
-156
Let p(f) = 35*f**3 - f**2 - 9*f - 8. Determine p(-1).
-35
Let p(n) = -n**3 - 51*n**2 + 50*n - 133. Calculate p(-52).
-29
Let z(p) = p**3 + 2*p**2 - 50*p - 92. Give z(-7).
13
Let r(y) = y**3 + 12*y**2 - 26*y - 294. Determine r(-12).
18
Let p(d) = -d**2 + 87*d - 1779. Calculate p(53).
23
Let m(l) = -41*l**2 + 42*l - 41. Determine m(1).
-40
Let h(u) = -11*u + 191. Give h(12).
59
Let p(h) = -15*h + 1063. What is p(72)?
-17
Let v(m) = m**3 + 279*m**2 + 641*m + 24094. Determine v(-277).
-5
Let y(h) = h**2 + 49*h - 346. Give y(10).
244
Let v(g) = 83*g + 3329. Calculate v(-39).
92
Let z(u) = -20*u - 68. Give z(-8).
92
Let k(g) = -430*g + 2162. Determine k(5).
12
Let g(f) = -1455*f - 29099. What is g(-20)?
1
Let d(v) = -2*v**3 - 14*v**2 - 5*v + 21. Determine d(-6).
-21
Let m(p) = 7*p**2 + 19*p - 77. What is m(-5)?
3
Let d(s) = -3*s**3 + 218*s**2 + 74*s - 69. What is d(73)?
4
Let h(u) = 52*u**2 - 2626*u - 1323. Calculate h(51).
3
Let x(q) = -59*q - 89. Give x(-3).
88
Let z(k) = -2*k**2 + 82*k - 477. Calculate z(7).
-1
Let p(d) = -d**3 - 9*d**2 + 46*d + 405. What is p(-9)?
-9
Let g(z) = -z**3 - 39*z**2 - 39*z - 16. What is g(-38)?
22
Let l(g) = g**3 + 65*g**2 - 157*g - 1577. What is l(-67)?
-36
Let s(p) = -p**2 + 948*p - 166581. Calculate s(233).
14
Let f(l) = -857*l + 14550. What is f(17)?
-19
Let h(i) = i**2 + 38*i + 11. Calculate h(-37).
-26
Let o(i) = 184*i - 12. Give o(-1).
-196
Let w(y) = -y**2 + 60*y - 218. Calculate w(51).
241
Let p(j) = 8*j**3 - 89*j**2 + 13*j - 6. What is p(11)?
16
Let l(m) = -1636*m - 26188. What is l(-16)?
-12
Let u(t) = -2*t**3 + 24*t**2 + 3*t + 22. What is u(10)?
452
Let f(j) = -j**2 - 11*j + 219. Determine f(-21).
9
Let j(c) = 2*c**2 - 41*c + 82. Calculate j(19).
25
Let t(h) = h**3 - 4*h**2 - 45*h - 5. Give t(9).
-5
Let q(k) = k**3 + 78*k**2 + 30*k + 2412. Give q(-78).
72
Let j(q) = -7*q**2 - 144*q - 8. What is j(0)?
-8
Let h(y) = 26*y + 1744. What is h(-67)?
2
Let k(p) = 2*p**2 + 34*p - 2099. What is k(25)?
1
Let q(d) = -d**3 - 6*d**2 - d - 92. Determine q(-6).
-86
Let a(g) = -g - 29. What is a(-25)?
-4
Let d(v) = 2*v**3 + 174*v**2 + v + 25. Determine d(-87).
-62
Let z(q) = 2*q**3 - 83*q**2 + 239*q - 1716. Give z(39).
0
Let b(r) = -47*r - 420. Determine b(-10).
50
Let x(s) = 6*s**2 + 20*s + 39. What is x(-2)?
23
Let h(v) = -v**3 - 14*v**2 - 44*v - 19. Calculate h(-10).
21
Let s(a) = 10*a**2 - 101*a - 66. Determine s(10).
-76
Let k(l) = -l - 103. Give k(-57).
-46
Let t(r) = -626*r - 18163. What is t(-29)?
-9
Let b(h) = -18*h - 1. Calculate b(-3).
53
Let h(t) = 14*t**2 + 120*t - 21. Give h(-10).
179
Let u(n) = 125*n - 627. Determine u(5).
-2
Let t(r) = -10369*r + 93304. Determine t(9).
-17
Let n(h) = -h**3 + 25*h**2 - 63*h - 19. Calculate n(22).
47
Let l(n) = 13*n**2 - 170*n + 257. Calculate l(12).
89
Let c(u) = -17*u**3 - u**2 + 40*u - 40. Determine c(1).
-18
Let y(r) = 8*r**2 + 40*r + 183. Give y(-10).
583
Let z(k) = 89*k - 15676. What is z(176)?
-12
Let w(s) = -s**2 + 37*s - 12. Give w(5).
148
Let s(g) = -55*g + 3720. Calculate s(68).
-20
Let x(g) = -6*g**3 - 13*g**2 - 24*g + 30. Give x(-5).
575
Let d(o) = -o**2 - 20*o - 28. Give d(-19).
-9
Let h(m) = -m**3 - 19*m**2 - 6*m + 72. Determine h(-18).
-144
Let i(a) = -50*a + 2677. Determine i(62).
-423
Let l(q) = -25489*q + 127449. Give l(5).
4
Let q(i) = 12*i - 565. Determine q(36).
-133
Let t(v) = v**2 - 74*v - 1301. Give t(-15).
34
Let a(t) = t**3 - 2*t**2 + 3*t + 34. Give a(6).
196
Let b(t) = 8*t - 188. Calculate b(23).
-4
Let r(t) = -t**2 + 45*t + 296. What is r(51)?
-10
Let u(p) = -6*p**2 - 70*p - 48. Calculate u(-11).
-4
Let n(j) = -j**3 - 123*j**2 + 1759*j - 1220. Determine n(-136).
4
Let x(p) = -p**2 - 143*p - 3144. Determine x(-27).
-12
Let k(p) = -p**3 + 32*p**2 + 56*p + 413. Determine k(34).
5
Let v(n) = -2*n**2 + 65*n + 213. Determine v(32).
245
Let k(l) = -51*l + 2059. What is k(41)?
-32
Let t(u) = -13*u + 192. Determine t(23).
-107
Let j(w) = -7*w + 17. Give j(5).
-18
Let t(u) = u**3 + 54*u**2 + 3*u + 167. Calculate t(-54).
5
Let o(a) = -43*a + 735. Determine o(17).
4
Let a(y) = 1239*y + 50794. Give a(-41).
-5
Let a(q) = -8*q + 50. Determine a(3).
26
Let z(i) = i**3 + 80*i**2 + 635*i - 26. Calculate z(-9).
10
Let d(r) = -3*r**2 + 120*r - 32. Calculate d(0).
-32
Let c(m) = 3*m**2 + 22*m + 62. Determine c(-3).
23
Let h(w) = -7*w**3 - 227*w**2 - 93*w + 98. Calculate h(-32).
2
Let t(u) = -1041*u + 4173. Calculate t(4).
9
Let h(v) = -87*v - 74. Give h(-1).
13
Let s(f) = f**3 - 5*f**2 - 85*f + 459. Give s(9).
18
Let p(n) = -6*n**3 - 579*n**2 - 288*n - 6. Give p(-96).
-6
Let z(r) = -232*r + 240. Calculate z(1).
8
Let s(w) = -w**3 - 14*w**2 - 63*w - 318. Give s(-8).
-198
Let u(s) = 2*s**3 - 5*s**2 - 33*s + 91. What is u(3)?
1
Let n(x) = 884*x + 9719. Give n(-11).
-5
Let c(v) = v**2 + 6*v - 12983. Calculate c(-117).
4
Let u(r) = r**3 + 26*r**2 + 23*r - 6. Calculate u(-25).
44
Let l(v) = -3*v**3 - 4*v**2 + 12*v - 8. Calculate l(2).
-24
Let w(v) = -423*v + 34671. Calculate w(82).
-15
Let a(b) = -3*b**3 - 334*b**2 - 757*b + 654. Determine a(-109).
0
Let j(p) = 3*p**2 - 74*p - 5. Determine j(24).
-53
Let t(k) = k**3 - 5*k**2 + 28*k - 573. Calculate t(9).
3
Let a(l) = l**3 + 3*l**2 - 10*l + 8. Give a(-6).
-40
Let b(y) = 3*y**3 - 109*y**2 - 84*y + 361. Give b(37).
-9
Let v(z) = -3*z**2 - 56*z - 60. Calculate v(-16).
68
Let y(l) = -6*l**3 - 68*l**2 - 9*l + 55. Determine y(-11).
-88
Let k(z) = -10*z**2 - 392*z + 3118. Determine k(-46).
-10
Let k(o) = o**3 + 25*o**2 + 150*o + 90. Give k(-12).
162
Let p(s) = -15*s**2 - 268*s - 47. Give p(-18).
-83
Let h(f) = -37069*f + 1. Calculate h(0).
1
Let s(f) = 23*f**2 - 278*f + 10. Give s(12).
-14
Let t(o) = -o**3 + 15*o**2 + 54*o - 855. Calculate t(15).
-45
Let y(k) = 90*k**2 - 450*k - 9. Give y(5).
-9
Let a(f) = f**3 + 3*f - 41. Give a(4).
35
Let t(n) = -n**2 + 47*n + 572. Give t(-10).
2
Let a(h) = 2*h**3 + 25*h**2 - h - 70. What is a(-13)?
-226
Let g(x) = x**3 + 2*x**2 + 18*x + 36. Determine g(-2).
0
Let z(k) = 30*k**2 - 15*k + 17. C